prime factors of l(v).
23
List the prime factors of 1857*((-228)/(-38))/(3/3).
2, 3, 619
Suppose -70*b = -101*b + 1966671. What are the prime factors of b?
3, 7, 19, 53
Let i(c) = -c**2 - 10*c + 12. Let p be i(-11). What are the prime factors of p/((-1023)/(-255) + -4)?
5, 17
Suppose 0 = -2*w - 2*g + 3190, w = -3*w - 3*g + 6385. Suppose 3*m - 4 = b, 4*m + 8*b + 12 = 5*b. Suppose 3*q + 7*q - w = m. List the prime factors of q.
2, 5
Let a = -90 - -94. Let y(d) = d**3 + 2*d**2 - 4*d - 6. Let r be y(a). Let v = -46 + r. What are the prime factors of v?
2, 7
Let s(y) be the third derivative of y**6/40 - y**5/30 - y**4/4 + 7*y**3/6 + 5*y**2. Let c be s(4). Let m = c - 62. List the prime factors of m.
3
Let o = -48 + 48. Suppose 5*u - 2*n + 1342 = o, -6*n + n = 3*u + 830. What are the prime factors of (0 - (-10)/(-25))/(2/u)?
2, 3
Let q = 8438 - 2669. List the prime factors of q.
3, 641
Let l = 112 - 346. Let i = l + 991. What are the prime factors of i?
757
Suppose -95 = 5449*x - 5430*x. Let d be (4 - 2)/(-1) - -8. List the prime factors of (30/9)/x - (-1144)/d.
2, 5, 19
Suppose 4*g = 43 + 49. Suppose 0 = -3*d + 15, 5*d - g = 3*v - 2*v. Suppose -3*o = -3*a - 156, -v*a - a - 270 = -5*o. List the prime factors of o.
3, 19
Let c = -134 + 134. Let j = -37 + 42. Suppose 2*y + 5*m + 4 - 56 = c, j*m = -y + 21. What are the prime factors of y?
31
Suppose 0*r + 19 = 5*t + 3*r, -2*t + 5*r = 11. Suppose -4*v = -7*v - 2217. List the prime factors of v/(-5) + t + 18/(-10).
2, 37
Let y = -1388 - -1563. Suppose -2*i - 4*p + 212 = 0, 4*i = -p - 3*p + 444. Let k = y - i. What are the prime factors of k?
59
Let f = -77 - -81. Suppose -3*i - 4 = z, -f*i = z - 3*i - 4. Let a = 56 - z. List the prime factors of a.
2, 3
Let k = 3013 - 1687. What are the prime factors of k?
2, 3, 13, 17
Let b = 23426 - 19861. What are the prime factors of b?
5, 23, 31
Let a = 70 + -61. Suppose 1535 = 5*l - 5*o, -7*l = -a*l + 5*o + 611. What are the prime factors of l?
2, 7, 11
Suppose 2*w - 2718 - 1859 = -5*t, t + 5*w - 897 = 0. Let q = t - 455. What are the prime factors of q?
2, 3, 7, 11
Let z = -8168 - -13490. List the prime factors of z.
2, 3, 887
Suppose 0 = 194*u - 183*u - 242. List the prime factors of (4 + 3 + -3)/(u/6952).
2, 79
Suppose -7*y = 19 + 982. Let w = 265 + y. Suppose 0 = -2*v - q - 2*q + 120, -2*v = 2*q - w. What are the prime factors of v?
3, 7
Let u = -10143 - -24516. List the prime factors of u.
3, 1597
Let o be -8*(-2 + 13/(-2)) + 1. Suppose 0 = 2*x + o - 363. List the prime factors of x.
3, 7
Suppose -d = -33*p + 28*p + 66367, 4*p + 3*d - 53086 = 0. What are the prime factors of p?
13, 1021
Let o(y) = 879*y + 2478. What are the prime factors of o(9)?
3, 3463
Let o be (-3)/(-5) - (9/15 + -3). Suppose 0 = 5*b, 6*j - 618 = o*j - 5*b. Suppose w = 2*w - j. What are the prime factors of w?
2, 103
Suppose -27599*t + 27656*t - 3531777 = 0. List the prime factors of t.
61961
Let p = 35980 - 31823. What are the prime factors of p?
4157
What are the prime factors of (-12601 - 1)*(-284)/568?
6301
Let m(n) = 8*n**2 - 9*n + 25. Let i = 41 + -15. Suppose 28*o - 12 = i*o. What are the prime factors of m(o)?
7, 37
Suppose 2*p - 5 = -n, 26*p + 10 = 5*n + 21*p. Let t(s) = 164*s**2 - 11*s + 4. List the prime factors of t(n).
1447
Let p(d) = -9*d**3 - 8*d**2 - 13*d - 30. Let r be p(-6). Suppose 3*o - o + 1016 = 3*k, -5*k = 2*o - r. What are the prime factors of k?
2, 5, 17
Let b = 42 + -38. Let v(z) = z + 264 - 3*z**2 + z**3 - 274 + 3*z**2 - b*z**2. List the prime factors of v(7).
2, 3
Let v be -1 - (0 - 102/2). Let n = 3532 - 3017. Suppose 5*m + v + n = 5*u, 4*m = 5*u - 564. What are the prime factors of u?
2, 7
Let m(b) = 5*b**2 + 14. Let i = -140 - -134. List the prime factors of m(i).
2, 97
Suppose 7*q + 27973 - 61146 - 74753 = 0. What are the prime factors of q?
2, 13, 593
Suppose 2*p + d = 6*p - 365, -2*p = -4*d - 186. Let o = p - 89. Suppose 3*h - 99 = -q - o*q, -3*h = -q + 45. List the prime factors of q.
2, 3
Let h = -44 + 33. Let s(n) = -3*n**3 - n**2 - 2*n - 4. Let k(i) = 5*i**3 + 2*i**2 + 5*i + 7. Let z(a) = h*s(a) - 6*k(a). List the prime factors of z(3).
2, 5
Suppose -2*m + 29077 = o + 5539, 3*o + 5*m - 70619 = 0. List the prime factors of o.
2, 7, 29
Let l(k) be the second derivative of k**3/3 - 21*k**2/2 + 10*k. Let x be l(13). List the prime factors of (x - 3) + (-42)/(-2).
23
Let g = 4884 - 734. What are the prime factors of g?
2, 5, 83
Suppose 0 = 5*z - 4*w - 11320, -5*w + 4193 + 7172 = 5*z. Suppose 4*m + 4536 = 4*v, 70*v - z = 68*v - m. What are the prime factors of v?
2, 3, 7
Suppose 77*p + 28*p - 165200 = 25*p. List the prime factors of p.
5, 7, 59
Suppose -17*t - 18*t + 2*t + 816981 = 0. List the prime factors of t.
19, 1303
Suppose 0*r + 6 = 3*r. Suppose -6*a = 12*a - 90. Suppose -r*b - 3*b = -j + 7, -a*j + b + 131 = 0. What are the prime factors of j?
3
Let q = -27977 + 63889. What are the prime factors of q?
2, 67
Suppose -c + 4*v = -624 + 153, 0 = 4*c + 5*v - 1968. Let f = -329 + c. What are the prime factors of f?
2, 79
Let h(u) = u + 4 + 28*u + 94*u. What are the prime factors of h(2)?
2, 5
Let d be 436/(-22) + (-2)/11. Let g be 3 - (4 + d/4). Suppose g*h - 375 = -h. What are the prime factors of h?
3, 5
Suppose 7*r = 3*r + 8. Suppose r*x = -3*n - 2*x - 50, -3*x = 5*n + 65. What are the prime factors of 4/n*(-8 + 7 - 34)?
2, 7
Let v = -11522 - -18960. List the prime factors of v.
2, 3719
Suppose -45668 = 152*u - 159*u. List the prime factors of u.
2, 7, 233
Let g = -105 - -15. What are the prime factors of 20/g - 35200/(-45)?
2, 17, 23
Suppose -w + 23 = 5*i, 368*w - 4*i + 18 = 369*w. Suppose 0 = 5*x + 25, -3*s + 4497 = 2*x + x. List the prime factors of (s/40)/(w/(-5)) - 1.
3, 31
Suppose 0 = -7*x - 40 - 58. Let i(o) = o**3 + 14*o**2 + 3*o + 24. Let s be i(x). Let f = s + 74. What are the prime factors of f?
2, 7
Let u be 102/(-34)*62/(-6). What are the prime factors of 3506/8 + u/(-124)?
2, 3, 73
Suppose 2*v + 96 = 4*f - 548, 4*v + 175 = f. Suppose 2*o = -0*o + 4. Suppose o*c - 4*q - f = c, 4*q + 12 = 0. List the prime factors of c.
3, 7
Let w(h) = 6*h**3 + 11*h**2 - 93*h - 10. List the prime factors of w(8).
2, 1511
Suppose 11*z = -64 + 9. Let v(y) = -6*y**3 + 9*y**2 + 10*y - 8. List the prime factors of v(z).
7, 131
Suppose 3*q = 2*o, 2 = o + 3*q - 7. List the prime factors of (o + 24/(-10))/((-1)/(-235)).
3, 47
Let o(f) = 702*f + 26. Let i(r) = 2*r. Let t(w) = -130*i(w) + o(w). Let k be t(3). List the prime factors of k/16 + 3/2.
2, 43
Let j(x) = 2152*x**2 + 55*x - 249. What are the prime factors of j(6)?
3, 7, 1231
Let q(r) = -r**2 - 2*r + 84. Let s be q(8). Suppose y - s*z - 914 = 0, y - 8*z + 11*z - 949 = 0. What are the prime factors of y?
2, 467
Suppose -4 = l - 4*p, -3 = -l + 3*l - 3*p. Let i(d) = 4*d**2 - 54*d - 16. Let j be i(14). Suppose l = -j*r + 11*r + 103. What are the prime factors of r?
103
Let g(p) be the third derivative of -3*p**2 - 1/60*p**5 + 0*p - 2/3*p**3 - 5/12*p**4 + 0. What are the prime factors of g(-7)?
17
Suppose -24*z + 35111 - 17183 = -56088. What are the prime factors of z?
2, 3, 257
Let a(z) = 3*z + 39. Suppose 4*t - 2*t + 32 = 0. Let o be a(t). What are the prime factors of (-70)/o + -1 + (-2)/(-9)?
7
Let g(v) = -6*v + 31. Let b be g(0). Suppose 0 = -22*f + 21*f + b. List the prime factors of f.
31
Let v(d) = 134*d + 8950. What are the prime factors of v(22)?
2, 3, 661
Let g = -4287 - -16821. What are the prime factors of g?
2, 3, 2089
Let o(u) = 23*u**2 - 49*u + 10. Let a be o(2). Let b(y) = -y - 3. Let r be b(-6). Suppose 0 = -r*x - 9, 7*x = 3*z + a*x - 177. List the prime factors of z.
2, 7
Let r = -3091 + 1741. Let v = -786 - r. List the prime factors of v.
2, 3, 47
Suppose 4*r - 422 = 134. Suppose 0 = -3*k - 2*m + r, 5*k - 2*m - m = 238. Suppose -43*g - 296 = -k*g. What are the prime factors of g?
2, 37
Let h = -661 + 661. Let i(a) = -a**3 + 2*a + 10. List the prime factors of i(h).
2, 5
Let h = 88 - 60. Let k = -33 + h. Let d(p) = -p**2 - 9*p + 9. What are the prime factors of d(k)?
29
Let v(w) = 3*w**2 - 30*w + 52. Let i be v(8). Suppose -a = 2*z - 985, 2*a - i*z - 1129 = 809. List the prime factors of a.
977
List the prime factors of (-97465)/(-25) + -1 - (-34)/85.
2, 1949
Let k = 340 - 524. What are the pri